 of r/8 - (-154)/8?
19
Let y(j) = 12*j**3 - 1. List the prime factors of y(2).
5, 19
Suppose 0 = -4*k + 8, r - 4*k - 3 = -2*k. Let n = r + -2. Suppose 8 + 2 = n*b. List the prime factors of b.
2
Let l be 4/14 - (-24)/14. Suppose -l*u = -21 - 1. Suppose -2*k - 5*i + 24 = 0, -2*i - u = 2*k - 35. What are the prime factors of k?
2, 3
Let y(z) be the second derivative of -z**3/3 - 5*z**2/2 - 3*z. List the prime factors of y(-4).
3
Let c = 33 + -20. List the prime factors of c.
13
Suppose 0*a - 4*a + 44 = 0. Suppose 2*d = 6*d + 32. Let v = d + a. What are the prime factors of v?
3
Suppose 0 = 5*c - c - 244. List the prime factors of c.
61
Suppose z + 25 = -5*u, -2*z + u = 3*z - 5. Suppose -4*m + 29 - 5 = z. What are the prime factors of m?
2, 3
Suppose 4*z - 4 + 8 = 0, 0 = -5*x - 3*z + 452. Suppose 0 = -5*y - 11 + x. What are the prime factors of y?
2
Let j be 4/(-4) - (-1 + 0). Let s = j + 5. What are the prime factors of s?
5
Let p = 84 + -59. Let c = -10 + p. List the prime factors of c.
3, 5
Let y(n) = -n + 1. Let f(k) = -3*k - 9. Let i(s) = f(s) + 2*y(s). Let o be i(-8). Suppose 2*l = -0*l - r + o, l - r = 24. List the prime factors of l.
19
Suppose -3 + 4 = -p. List the prime factors of (13/1)/(2 + p).
13
Let l(h) = -h**3 + 4*h**2 + 5*h + 3. Let i be (-85)/(-15) + 2/(-3). What are the prime factors of l(i)?
3
Suppose -5*b - 2*y + 338 = 0, 9 + 193 = 3*b + 2*y. What are the prime factors of b?
2, 17
Let q(c) = 2*c - 21. Let m(x) = x**2 + 2*x. Let w be m(-5). What are the prime factors of q(w)?
3
Let s(m) = -m**3 + 7*m**2 + 8*m + 5. Let a be s(8). Suppose 3*w + 4*u - a = -u, -3*u - 6 = 0. Let o = 12 - w. What are the prime factors of o?
7
Suppose 185 = 5*n + 30. Let j = n - 12. What are the prime factors of j?
19
Suppose s - 39 = -4*f, -5*f - 16 = -3*s + 16. List the prime factors of s.
19
Suppose 2*l + x = 33, -5*l + 33 = 5*x - 52. What are the prime factors of l?
2
Suppose 18 = -c + 3*c. What are the prime factors of c?
3
Let t(x) = x**3 + 13*x**2 - 15*x - 12. Let g be t(-14). Suppose 13 = 3*m - 2*s, 3*m - 25 = -g*s + s. List the prime factors of m.
7
Let q be ((-8)/(-10))/((-6)/(-135)). Suppose 2*z = -0*z + q. What are the prime factors of z?
3
Suppose 0*p - 3*p + 84 = 0. What are the prime factors of p?
2, 7
Let t(c) = c**2 - c + 3. List the prime factors of t(3).
3
Let r = 4 - -8. Let y(b) = 2*b - 3*b + 2*b + r. What are the prime factors of y(-9)?
3
Let o = -2 - -10. What are the prime factors of (-2)/o - (-125)/20?
2, 3
Let m(z) = -z**2 + 10*z + 7. Let c be m(8). Suppose 0 = -4*a + 13 + c. Let j = -4 + a. List the prime factors of j.
5
Let c(d) = -d + 8. Let k be c(5). List the prime factors of 97/k - (-4)/(-12).
2
Let o = 17 + -43. Let n = o + 37. List the prime factors of n.
11
Let i be 3 + (4 - 3)*-3. List the prime factors of -1*(i + -19) - -1.
2, 5
Let c = -41 - -2. Let v = 67 + c. What are the prime factors of v?
2, 7
Let k = 816 + -415. What are the prime factors of k?
401
Let d be (-1)/((2/(-10))/(-1)). Let p be 18/d + (-2)/5. Let y = -2 - p. List the prime factors of y.
2
Suppose 0 = -2*k - 2, k + 0 - 11 = 3*r. Let h(w) = -w + 2. What are the prime factors of h(r)?
2, 3
Suppose -5*b - 2*l - 184 = 0, 4*b + 0*l - 4*l + 164 = 0. Let n = -9 - b. Suppose j - n = -7. What are the prime factors of j?
2, 11
Suppose p + 0*p - 17 = 0. Let d = p + -9. Suppose -20 + d = -2*q. List the prime factors of q.
2, 3
Let c be (10/(-6))/((-1)/(-3)). Let s be (c/((-10)/4))/1. Suppose o + 5 = s*o. What are the prime factors of o?
5
Let j be 3*(-3)/(-18)*-6. Let m(b) = -4*b - 4. Let s be m(j). Let p = s + -6. List the prime factors of p.
2
Suppose 2*x - 5 = -3*x, -5*c = 2*x - 217. What are the prime factors of c?
43
List the prime factors of 5/(100/428) - 3/(-5).
2, 11
Let l(p) = 7*p**2 + 10. List the prime factors of l(-3).
73
Suppose 2*q + 9*q - 11 = 0. Suppose -3*i - 3*m = -0 - 21, -3*m + 19 = 2*i. What are the prime factors of 0 + (9 - q)/i?
2
Let d be (12 + -1 + 0)/(-1). Let l = d + 15. What are the prime factors of l?
2
Let o(t) = -t + 44. What are the prime factors of o(0)?
2, 11
Suppose 4*i + 33 = 5*i - 2*u, 2*i = -4*u + 26. What are the prime factors of i?
23
List the prime factors of (69 - 6)*3/9.
3, 7
Let x(d) = -d**3 + 8. Let z be x(0). Suppose o + n + 0 = -z, -3*n = 2*o + 13. List the prime factors of 0 - -1*o/(-1).
11
Suppose 12 = -4*f, -o + 63 - 11 = -4*f. Suppose 5*v - o = -5*r, 2*v + 40 = 6*v + 2*r. List the prime factors of v.
2, 3
Suppose -3*u = 4*p - 819, -p - 2*u = u - 198. List the prime factors of p.
3, 23
Let w = -3 + 24. What are the prime factors of w?
3, 7
Suppose s - 16 - 30 = 0. What are the prime factors of s?
2, 23
Suppose 0 = -l + 2*l - 6. Let w = l + 3. List the prime factors of w.
3
Suppose 6*l - 105 = l. Suppose u + 12 = 2*m, 3*u + 5*m + 48 + l = 0. Let a = 25 + u. List the prime factors of a.
7
Suppose -4*j = -5*q + 31, 2*q = 2*j - 3*q + 23. Let y = j + 10. List the prime factors of y.
2, 3
Suppose -4*v = -3*v - 2*u + 16, 0 = -4*u + 20. Let h = v - -37. What are the prime factors of h?
31
Let p = 11 - 7. List the prime factors of p/10 - 69/(-15).
5
Let a(o) be the second derivative of -o**4/6 - 2*o**3/3 - o**2/2 - o. Let g be a(-3). Let m = 2 - g. What are the prime factors of m?
3
Let t = -16 - -16. Suppose t = 2*x - 5*q - 2 - 3, -2*x = 2*q - 40. List the prime factors of x.
3, 5
Let t be 1 - (-5 - 0 - 0). Let l(a) = 1 + 12 + 2*a - 3*a. What are the prime factors of l(t)?
7
Let a(n) = -n**3 + 2*n**2 + 2*n. List the prime factors of a(-3).
3, 13
Let j = 42 + 20. What are the prime factors of j?
2, 31
Let s(q) = q**2. Let d be s(1). Let n = d + -1. Let j = n + 2. What are the prime factors of j?
2
Let f = -11 + 15. Suppose -f*l = l - 95. What are the prime factors of 6/6*l/1?
19
Suppose -2*q = 4*v - 806, -368 = -5*v - q + 641. What are the prime factors of v?
2, 101
Let h be 109/(-2)*-2 + -1. Suppose -h = -4*g + g. Suppose -t - 2*t + g = 0. List the prime factors of t.
2, 3
Suppose -2*q - 23 = 3*s - 6*s, -s - 25 = 4*q. Let n = q - -11. List the prime factors of n.
2
Suppose -5*d + 3*g + g = -157, 2*g + 122 = 4*d. Let w(t) = t**3 - 5*t**2 - 5*t + 4. Let x be w(5). Let s = d + x. What are the prime factors of s?
2
Suppose -5*u = 4*g - 75, 2*u - 36 - 30 = -4*g. What are the prime factors of g?
3, 5
Let v(m) = -m**2 + 10*m + 16. What are the prime factors of v(7)?
37
Let g = 15 - 14. What are the prime factors of (g + 5 + -3)*1?
3
Suppose -g - 149 = -2*t, -372 = -5*t + 5*g - 3*g. List the prime factors of t.
2, 37
Suppose 4*w = -2*o - 1 + 7, -3*w - 2*o + 2 = 0. Suppose -3*z = 2*j - 126, -4*z + j - w*j = -169. List the prime factors of z.
2, 5
Let g = 70 + -5. What are the prime factors of g?
5, 13
Let t = 19 - -26. What are the prime factors of t?
3, 5
Suppose 25 = -2*v - 5*n, 4*v - 3*n - 5 = -2*n. Suppose -2*d - 4*i + 1 + 9 = 0, -4*d + 5*i - 45 = v. Let z = d - -10. What are the prime factors of z?
5
Let r = 52 + -28. What are the prime factors of r?
2, 3
Let w = 130 + -90. Suppose -c = -b - w, -c + 32 = -b - 2*b. What are the prime factors of c?
2, 11
Let p = -76 - -91. List the prime factors of p.
3, 5
Suppose -9*n - 5*n + 4046 = 0. What are the prime factors of n?
17
Suppose 4*r = 2 - 34. List the prime factors of ((-33)/2)/(6/r).
2, 11
Suppose 3*l - 22 = 2*l + 5*g, 24 = 2*l - 5*g. Suppose -4*r - 3*m = 2, 0*r + l*m + 1 = -3*r. What are the prime factors of (r/2)/((-8)/(-240))?
3, 5
Let y = -13 + 16. What are the prime factors of y?
3
Suppose 6*i - i + 3*y - 579 = 0, 3*i = -2*y + 348. List the prime factors of i.
2, 3, 19
Let r(o) be the second derivative of o**5/40 - o**4/24 + o**3/6 + 5*o. Let w(i) be the second derivative of r(i). List the prime factors of w(5).
2, 7
Suppose 15 = -5*l + 35. Let d(k) = -k**2 + 2*k - 3. Let j be d(l). Let g(t) = -t**2 - 13*t - 14. List the prime factors of g(j).
2
Let m = 6 + 32. List the prime factors of m.
2, 19
Let i = -108 - -170. List the prime factors of i.
2, 31
Let s = -63 + 91. List the prime factors of s.
2, 7
Suppose 3*r - 2*p = -3*p + 70, -3*r - 4*p = -55. What are the prime factors of r?
5
Let y(n) = 5*n**2 + 27*n - 24. Let t(w) = 2*w**2 + 9*w - 8. Let c(i) = -8*t(i) + 3*y(i). List the prime factors of c(7).
2, 3
Let g(h) be the first derivative of 4*h**3/3 - h + 1. W